{"id":800,"date":"2023-05-15T13:34:00","date_gmt":"2023-05-15T13:34:00","guid":{"rendered":"https:\/\/enmonnekretnine.rs\/?post_type=product&#038;p=800"},"modified":"2025-05-08T14:04:26","modified_gmt":"2025-05-08T14:04:26","slug":"stan-29-6569-m2-iii-sprat","status":"publish","type":"product","link":"https:\/\/enmonnekretnine.rs\/index.php\/product\/stan-29-6569-m2-iii-sprat\/","title":{"rendered":"Stan 29 \/ 65,69 m2\/ III SPRAT"},"content":{"rendered":"<p>Ovaj elegantni apartman se nalazi na\u00a0<strong>fantasti\u010dnoj lokaciji<\/strong>, u neposrednoj blizini Specijalne bolnice \u010cigota, studentskog odmarali\u0161ta, Dino parka i Turisti\u010dko rekreativnog kompleksa.\u00a0<strong>Miran porodi\u010dni kraj<\/strong>, okru\u017een prirodom i zelenilom, sa mno\u0161tvom izvanrednih aktivnosti za sve uzraste. Na nekoliko minuta udaljenosti nalazi se sve \u0161to vam je potrebno za\u00a0<strong>lagodan \u017eivot<\/strong>\u00a0i boravak &#8211; nekoliko velikih supermarketa, gondola, \u0161etali\u0161te, botani\u010dka ba\u0161ta, de\u010dija igrali\u0161ta i parkovi kao i jezero Zlatibor.<\/p>\n<p>Stan je sme\u0161ten u prizemlju zgrade koja je arhitektonski projektovana prema tradicionalnom obliku ovog lokaliteta. Dizajn apartmana odi\u0161e\u00a0<strong>luksuzom i komforom<\/strong>, potpuno je funkcionalan i opremljen kako bi obezbedio\u00a0<strong>maksimalan do\u017eivljaj<\/strong>\u00a0i kvalitet \u017eivota.<\/p>\n<p>Predsoblje vodi u\u00a0<strong>prostranu dnevnu sobu sa trpezarijom<\/strong>, u nastavku se nalazi\u00a0<strong>funkcionalna<\/strong>\u00a0i prakti\u010dna\u00a0<strong>kuhinja<\/strong>. Vrhunska\u00a0<strong>italijanska keramika<\/strong>, modernog dizajna i najvi\u0161eg kvaliteta upotpunjuje izgled kuhinje i kupatila. Kupatilo ima ugra\u0111en najmoderniji\u00a0<strong>sistem podnog grejanja<\/strong>, i opremljeno je sanitarijama najpoznatijih svetskih brendova Villeroy&amp;Boch i Grohe. Iz predsoblja se mo\u017ee u\u0107i u toalet i garderober, kako bi se obezbedio \u0161to ve\u0107i\u00a0<strong>komfor i dovoljno prostora<\/strong>\u00a0za vi\u0161e\u010dlane porodice.<\/p>\n<p><strong>Veliki prozori<\/strong>, sa smart elektro roletnama, u dnevnoj i dvema spava\u0107im sobama pru\u017eaju\u00a0<strong>mnogo prirodnog svetla<\/strong>\u00a0tokom celog dana. Tokom lepih sun\u010danih dana,\u00a0<strong>otmena terasa<\/strong>\u00a0bi\u0107e va\u0161e omiljeno mesto za odmor i jutarnju kafu. Kako bi zaokru\u017eio ovu skladnu celinu, ista\u010dnu dozu prefinjenosti donosi\u00a0<strong>hrastov parket<\/strong> ekstra klase.<\/p>\n<p><a href=\"https:\/\/enmonnekretnine.rs\/index.php\/zlatibor-residence\/\"><button style=\"background-color: #ffc132; color: #fff; border-radius: 0;\">Ponuda Zlatibor<\/button><\/a><\/p>\n<p>&nbsp;<\/p>\n<p>&nbsp;<\/p>\n<p><img loading=\"lazy\" decoding=\"async\" class=\"alignnone wp-image-802 size-medium\" src=\"https:\/\/enmonnekretnine.rs\/wp-content\/uploads\/2023\/05\/Stan-br29-2-300x300.jpg\" alt=\"\" width=\"300\" height=\"300\" srcset=\"https:\/\/enmonnekretnine.rs\/wp-content\/uploads\/2023\/05\/Stan-br29-2-300x300.jpg 300w, https:\/\/enmonnekretnine.rs\/wp-content\/uploads\/2023\/05\/Stan-br29-2-150x150.jpg 150w, https:\/\/enmonnekretnine.rs\/wp-content\/uploads\/2023\/05\/Stan-br29-2-600x600.jpg 600w, https:\/\/enmonnekretnine.rs\/wp-content\/uploads\/2023\/05\/Stan-br29-2-100x100.jpg 100w, https:\/\/enmonnekretnine.rs\/wp-content\/uploads\/2023\/05\/Stan-br29-2.jpg 630w\" sizes=\"auto, (max-width: 300px) 100vw, 300px\" \/><\/p>\n<div id=\"gtx-trans\" style=\"position: absolute; left: 724px; top: 337.2px;\">\n<div class=\"gtx-trans-icon\"><\/div>\n<\/div>\n","protected":false},"excerpt":{"rendered":"<p>Ovaj elegantni apartman se nalazi na\u00a0<strong>fantasti\u010dnoj lokaciji<\/strong>, u neposrednoj blizini Specijalne bolnice \u010cigota, studentskog odmarali\u0161ta, Dino parka i Turisti\u010dko rekreativnog kompleksa.\u00a0<strong>Miran porodi\u010dni kraj<\/strong>, okru\u017een prirodom i zelenilom, sa mno\u0161tvom izvanrednih aktivnosti za sve uzraste. Na nekoliko minuta udaljenosti nalazi se sve \u0161to vam je potrebno za\u00a0<strong>lagodan \u017eivot<\/strong>\u00a0i boravak &#8211; nekoliko velikih supermarketa, gondola, \u0161etali\u0161te, botani\u010dka ba\u0161ta, de\u010dija igrali\u0161ta i parkovi kao i jezero Zlatibor.<\/p>\n<p>&nbsp;<\/p>\n<section class=\"call-buton\"><a class=\"cc-calto-action-ripple\" href=\"tel:+381 63 104 66 95\"><i class=\"fa fa-phone\"><\/i><span class=\"num\">Pozovite odmah<\/span><br \/>\n<\/a><\/section>\n","protected":false},"featured_media":803,"comment_status":"open","ping_status":"closed","template":"","meta":{"_mi_skip_tracking":false,"_monsterinsights_sitenote_active":false,"_monsterinsights_sitenote_note":"","_monsterinsights_sitenote_category":0},"product_cat":[20],"product_tag":[],"class_list":["post-800","product","type-product","status-publish","has-post-thumbnail","hentry","product_cat-zlatibor-residence"],"aioseo_notices":[],"_links":{"self":[{"href":"https:\/\/enmonnekretnine.rs\/index.php\/wp-json\/wp\/v2\/product\/800","targetHints":{"allow":["GET"]}}],"collection":[{"href":"https:\/\/enmonnekretnine.rs\/index.php\/wp-json\/wp\/v2\/product"}],"about":[{"href":"https:\/\/enmonnekretnine.rs\/index.php\/wp-json\/wp\/v2\/types\/product"}],"replies":[{"embeddable":true,"href":"https:\/\/enmonnekretnine.rs\/index.php\/wp-json\/wp\/v2\/comments?post=800"}],"wp:featuredmedia":[{"embeddable":true,"href":"https:\/\/enmonnekretnine.rs\/index.php\/wp-json\/wp\/v2\/media\/803"}],"wp:attachment":[{"href":"https:\/\/enmonnekretnine.rs\/index.php\/wp-json\/wp\/v2\/media?parent=800"}],"wp:term":[{"taxonomy":"product_cat","embeddable":true,"href":"https:\/\/enmonnekretnine.rs\/index.php\/wp-json\/wp\/v2\/product_cat?post=800"},{"taxonomy":"product_tag","embeddable":true,"href":"https:\/\/enmonnekretnine.rs\/index.php\/wp-json\/wp\/v2\/product_tag?post=800"}],"curies":[{"name":"wp","href":"https:\/\/api.w.org\/{rel}","templated":true}]}}