{"id":1402,"date":"2024-02-08T15:01:56","date_gmt":"2024-02-08T15:01:56","guid":{"rendered":"https:\/\/enmonnekretnine.rs\/?post_type=product&#038;p=1402"},"modified":"2024-02-12T14:41:26","modified_gmt":"2024-02-12T14:41:26","slug":"dvosoban-stan-77-02-m2-stan-3","status":"publish","type":"product","link":"https:\/\/enmonnekretnine.rs\/index.php\/product\/dvosoban-stan-77-02-m2-stan-3\/","title":{"rendered":"Dvosoban stan \/ 77.02 m2 \/ Stan 3"},"content":{"rendered":"<p>Otvorite vrata svog savr\u0161enog doma s ovim prostranim stanom od \ud835\udfd5\ud835\udfd5.\ud835\udfce\ud835\udfd0 \ud835\udc26\u00b2!<br \/>\nSa 3 sobe, 2 kupatila, terasom, kuhinjom i ostavom, ova nekretnina nudi besprekorno iskustvo \u017eivota u udobnosti i stilu.<\/p>\n<p>S prostranom terasom i prakti\u010dnom ostavom, ova nekretnina ne samo da nudi dom, ve\u0107 i na\u010din \u017eivota. Pove\u017eite se s nama odmah kako biste iskoristili ovu jedinstvenu priliku za stvaranje doma koji \u0107e vas odu\u0161eviti iznutra i izvana. Va\u0161a avantura u novom domu po\u010dinje sada!<\/p>\n<p><a href=\"https:\/\/enmonnekretnine.rs\/index.php\/dorcol-dubrovacka\/\"><button style=\"background-color: #ffc132; color: #fff; border-radius: 0; border: 0;\">Ponuda Dor\u0107ol<\/button><\/a><\/p>\n","protected":false},"excerpt":{"rendered":"<p>Otkrijte savr\u0161enstvo \u017eivota u ovom prostranom stanu od 77.02 m\u00b2!<br \/>\nSa 3 sobe, 2 kupatila, terasom, kuhinjom i ostavom, ovaj potpun opremljen stan nudi udobnost i eleganciju.<\/p>\n<section class=\"call-buton\"><a class=\"cc-calto-action-ripple\" href=\"tel:+381 63 800 08 00\"><i class=\"fa fa-phone\"><\/i><span class=\"num\">Pozovite odmah<\/span><br \/>\n<\/a><\/section>\n","protected":false},"featured_media":1403,"comment_status":"open","ping_status":"closed","template":"","meta":{"_mi_skip_tracking":false,"_monsterinsights_sitenote_active":false,"_monsterinsights_sitenote_note":"","_monsterinsights_sitenote_category":0},"product_cat":[19],"product_tag":[60,61,59],"class_list":["post-1402","product","type-product","status-publish","has-post-thumbnail","hentry","product_cat-dorcol-dubrovacka","product_tag-nekretnina","product_tag-prodaja-stana","product_tag-stan"],"aioseo_notices":[],"_links":{"self":[{"href":"https:\/\/enmonnekretnine.rs\/index.php\/wp-json\/wp\/v2\/product\/1402","targetHints":{"allow":["GET"]}}],"collection":[{"href":"https:\/\/enmonnekretnine.rs\/index.php\/wp-json\/wp\/v2\/product"}],"about":[{"href":"https:\/\/enmonnekretnine.rs\/index.php\/wp-json\/wp\/v2\/types\/product"}],"replies":[{"embeddable":true,"href":"https:\/\/enmonnekretnine.rs\/index.php\/wp-json\/wp\/v2\/comments?post=1402"}],"wp:featuredmedia":[{"embeddable":true,"href":"https:\/\/enmonnekretnine.rs\/index.php\/wp-json\/wp\/v2\/media\/1403"}],"wp:attachment":[{"href":"https:\/\/enmonnekretnine.rs\/index.php\/wp-json\/wp\/v2\/media?parent=1402"}],"wp:term":[{"taxonomy":"product_cat","embeddable":true,"href":"https:\/\/enmonnekretnine.rs\/index.php\/wp-json\/wp\/v2\/product_cat?post=1402"},{"taxonomy":"product_tag","embeddable":true,"href":"https:\/\/enmonnekretnine.rs\/index.php\/wp-json\/wp\/v2\/product_tag?post=1402"}],"curies":[{"name":"wp","href":"https:\/\/api.w.org\/{rel}","templated":true}]}}